 + 2?
-46
What is -50 + -62 + 0 + -22?
-134
-2 + 5 + 7 - ((-4 + -15 - -8) + -8)
29
Calculate -37 + 26 - (-24 + 101).
-88
Calculate -3 - 99 - (-4841 + 4729).
10
Evaluate 1 + -18 + 1752 + -1728 - (-95 + 0 + 0).
102
Calculate -6791 - -6790 - (-1 + 3 - 4 - (3 - 58)).
-54
52 - (49 + -38 + 65 + -2)
-22
What is the value of -116 - (8 - (-29 + 14 + 53))?
-86
Evaluate (-5 - -29) + -2 - (795 + -848).
75
Calculate (-18 + -42 - (-1 - (9 - 15 - -9))) + 10.
-46
Evaluate -5 - (-7 + 2 + -2 - (34 + -40)) - 5.
-9
What is -18 + (-141 + -11 - -237)?
67
What is (-5 + 17 - 1 - (6 + -6)) + 26 + 32?
69
Evaluate (-7 - (8 + (-14 - 18)) - 1) + 16.
32
-1 + -8 + 124 + -28 + -82 + 2 + -1
6
What is the value of 18 - (22 - 13 - -13) - 14?
-18
What is the value of 60 - 249 - (-6 + -35)?
-148
What is (93 - (8 - -3 - 9)) + (-5 - -13) + 4?
103
Calculate 17 - (24 + -9 + 3 + 11) - 74.
-86
Calculate -16 + 1 - (-61 + 115 + -92).
23
What is the value of -1 - (57 - 48) - -6?
-4
Calculate (-56 - (40 - 65)) + 3 + (1 - 0).
-27
(48 - (-4 - 52)) + -53
51
Calculate 89 + (-4 - 42) + -13 + 1.
31
What is 17 - (7 + 1 + 4 - (0 - 20))?
-15
What is 30 - 63 - -75 - -4?
46
What is the value of 39 - (-25 + (61 - 37))?
40
What is the value of (3 - 1) + (47 - 50) + 112 + -146?
-35
What is 86 + -180 - (-82 - -42)?
-54
-31 - (-6 + (27 - 33)) - (-1 - 14)
-4
Calculate -65 - -2 - (590 + -673).
20
3 + 8 + 23 + -17 - (2 + 2 + -5)
18
Evaluate -408 - -453 - (4 - (5 + -13)).
33
What is (8 + -20 - (9 + -19)) + (-2 - (0 - 26))?
22
What is the value of -39 + -34 + (76 - -15)?
18
Evaluate (-60 + 58 - -17) + 2 + -15.
2
What is (-52 - -23 - 6) + -3?
-38
-30 + 22 + (29 - 7 - -51)
65
Calculate -42 - (20 + -57 + 20 - (-1 - -1)).
-25
What is the value of -112 + 47 + -23 - -45?
-43
What is the value of -20 - (-22 - -42 - 0 - 14)?
-26
Calculate -54 + 0 - (-147 + 189 + -34).
-62
Calculate 39 - ((-2 + 2 - -7) + -15) - (4 + 0).
43
What is the value of 22 + (-11 - 11) - 3 - (60 + -3 + 2)?
-62
What is -28 + (-11 - ((12 - 0) + (-116 - -100)))?
-35
Calculate 12 - 0 - (-388 + 436).
-36
What is the value of 112 - (272 + -175 + 108)?
-93
What is (-79 - -76) + (-34 + 11 - (-2 - -4))?
-28
Calculate -144 + 236 + -95 - (31 + (1 - 0)).
-35
-13 + -30 + 44 + 32
33
Calculate 81 + -17 + (-2 - 4 - -14) - 15.
57
Evaluate 9 - (-16 + 63) - -98.
60
Calculate -59 - (18 + -11 - 117).
51
Evaluate 41 + -33 + -47 + 46.
7
Calculate (13 - 7 - (0 + 2)) + (42 - (-60 + 110)).
-4
28 + -28 + (3 - (12 + -8)) + -24
-25
What is 119 - ((157 - -28) + -38)?
-28
Evaluate -19 + (69 - 90) + (-1 - 0) + -2.
-43
What is the value of -68 - ((70 - 89) + 41)?
-90
What is (-3 - (5 - -39)) + 80 + -11 + -75?
-53
Calculate 16 + 12 + -26 + (-26 - -12 - 7).
-19
Calculate 3 - -7 - 85 - (25 - (73 - 40)).
-67
What is the value of -120 + 131 - (-3 - -18) - (-53 - 0)?
49
Calculate (6 - (2 + 10 + 4)) + (-25 + 27 - -83).
75
39 + -2 - (1653 - 1629)
13
21 + -5 + 20 - 10 - ((0 - -2) + -1)
25
Evaluate (-27 - -24) + -2 + 5 + -8 + 2.
-6
What is -38 - (-49 + 27 + -17)?
1
85 + -20 + 8 + 39 + -34
78
Evaluate -15 + (19 - (9 + 1) - 14 - 1).
-21
(-1 - 28) + (-317 - -135 - -278)
67
Evaluate 0 + -68 + -20 + (25 - 1) + -3 + 8.
-59
Calculate (-1 - 6 - -4) + (-89 - (-81 + 34)).
-45
Evaluate 1 - (-16 - (15 + -5 + -4)).
23
Calculate 162 + ((10 - 84) + 28 - -1).
117
Calculate 52 + 1 + (-7 - -3) - (19 + (0 - 10)).
40
Calculate -61 + 40 + 15 - (-6 + (-43 - -5)).
38
Calculate -41 - (34 + -31 + -3) - (2 - 1 - 2).
-40
Evaluate -7 + -41 + 93 - 45.
0
Calculate (6 - -4) + ((0 - 0) + 105 + -111 - -1).
5
Calculate -13 - 1 - 0 - (123 - 40) - (10 - 12).
-95
Calculate (166 - 176) + (-2 - -1) + -2 + -28.
-41
What is the value of 23 - (1 - -27 - (-983 - -1021))?
33
27 - (16 + 10 + -79)
80
104 - (-8 + 4) - (84 - 110 - -22)
112
(-31 - -1) + (775 - 782) + 24 + (-1 - 3)
-17
What is 82 - (-6 + 14 + -15 + -4) - 7?
86
Evaluate 136 + 38 + -182 + 85.
77
-42 + 9 + 25 + 39
31
What is the value of (-18 - -15) + -10 + 1 + -33 + 144?
99
What is (-4 - -28) + -9 + 8 + -28?
-5
What is the value of -1 + 88 - ((8 - -8) + -18 - (1 + -14))?
76
Calculate (42 - 57) + -48 + -27 - (-3 - 1).
-86
What is the value of (-1 - (-123 + 96)) + (1 - 23) + (-45 - 0)?
-41
What is the value of 2 + -4 + 15 + -2 - (-448 - -481)?
-22
Calculate -29 + -13 + 40 - (62 - 26).
-38
What is -25 - ((29 - -2) + -63 + 41)?
-34
What is 26 + 20 + -22 - 15 - -55?
64
Evaluate 32 - (26 + 12 + -17 - 9).
20
What is the value of 3 + -11 + -16 + 19 + 2 + -1 + 0?
-4
What is (16 - 44) + -29 - (-4 - (2 + 1)) - -10?
-40
Calculate (12 - 1) + -1 - (-150 - (-264 - -73)).
-31
Evaluate (-68 - -67) + 62 + 7 + 2 + -4.
66
Calculate 3 + -68 + -56 + 108.
-13
Calculate -19 + -21 + 3 + (53 - -3) + -54.
-35
-11 + 9 + -4 + 9 - (-41 - (5 + 0))
49
Calculate -9 + 4 - -4 - (-21 - (-80 - 10)) - 7.
-77
-17 + 16 + (-9 - (5 - 8))
-7
Calculate (1 + -28 - 1) + (7 - 12).
-33
What is 4 + -20 + (-57 - 12 - 17)?
-102
11 + (-17 - (4 + (82 - 7) + -9))
-76
What is -5 + -20 + 39 + (180 - 145)?
49
What is the value of 29 - (131 + 5 + (22 - 46))?
-83
What is the value of (-6 - -7 - (61 - -1)) + (-5 - (9 - 1))?
-74
What is the value of 26 + -84 + (2 - -22)?
-34
Evaluate 9 + (-1 + -1 + 32 + (-9 - 26) - 7).
-3
Evaluate -1600 - -1636 - ((-2 - 11) + -1).
50
Calculate 7 + (10 - 9) + (1 - (0 - 0)) + 8.
17
Calculate (-33 - (36 - 46)) + 62 + 63.
102
What is (21 - 0) + -10 + 3 + -6 + 29?
37
Calculate 14 + -49 + 7 - (0 + (3 - 0)).
-31
198 + -198 - (-2 - (4 - (4 + -4)))
6
What is -36 + 51 + -141 + 91?
-35
Calculate 141 + (-63 - 68 - -56).
66
81 + (-50 - 17) + 0 + (0 - 33)
-19
What is (1 - 0) + 1 + -31 - (181 + -268 + 80)?
-22
-29 + 3 - (-169 - -146) - (85 + -2)
-86
Calculate -4 + 0 + -6 + 5 - -28.
23
Evaluate (-61 - -105) + -68 + -2.
-26
What is the value of ((-2 - -2) + 0 - (-976 + 979)) + -41?
-44
610 - 571 - (15 + 0 + -2)
26
Calculate (-11 - 0) + (198 - 195) + (-14 - 0).
-22
What is the value of 9 - (-9 + -44) - -21?
83
What is -25 + 0 - ((74 - 180) + 122)?
-41
What is the value of (15 - (109 - 92)) + (-9 - -70)?
59
What is -60 - ((6 - (-8 - -17)) + (-16 - -34))?
-75
What is -22 + (22 - -12) - (-23 - 6)?
41
What is the value of 25 - -7 - (4 + (4 - 0 - -3 - 13))?
34
What is (31 + 5 - 4 - -7) + (63 - 81)?
21
Calculate 60 - (111 - 70 - -7).
12
What is 77 - (147 + (-76 - -1))?
5
3 + -1 + -1 + -64 + (67 - 12) - -31
23
What is (-13 - -4) + (35 + -1 - (-1 - 12))?
38
(22 - (52 + 17 + -32)) + -20
-35
What is -3 - -6 - 3 - 6 - (-100 - -47)?
47
Calculate (-100 + 52 - 7) + 103.
48
What is the value of -8 + 14 + 1 + -1958 + 1851?
-100
What is the value of -22 + (4 + 46 - (12 - 38))?
54
What is the value of -73 + (4 - -109) - 74?
-34
What is -37 - -27 - ((-10 - 5) + 37)?
-32
What is the value of 10 + (92 - (50 + 10))?
42
Evaluate 21 + 70 + -62 + (0 - 15).
14
What is the value of -139 - (75 - 152 - -31)?
-93
What is 3 - (-34 + (28 - -13)) - 23?
-27
Calculate 9 + (11 - 7) - (193 - 184).
4
What is the value of -3 + -30 + 16 - (28 + -1)?
-44
What is 1 - (5 + 3 + 0 + (-7 - -4) + -81)?
77
Calculate 8 - (26 + -20 + (-5 + -27 - -16)).
18
What is the value of -8 - -107 - (60 - 22)?
61
4 + (-21 + 13 - -4) + 8
8
Evaluate 2982 + -3109 - (1 - 71).
-57
Evaluate 6 + (-77 - -4) + -26 + 22 + 12.
-59
What is -135 + 67 + -13 + -11 + 7 + 10?
-75
Calculate -59 - (3 - (-24 - -140)).
54
-12 + 186 - (22 + 49)
103
What is (37 - 3) + 16 - (-5 - -17)?
38
(11 - (19 - (35 - 11))) + (14 - 3)
27
Calculate -90 - (32 + -40 + (-2 + 4 - -9) + 4).
-97
(8 - 0) + -10 + (-1 - -10 - -3 - 28)
-18
What is 0 - (-3 + 22 + -4 + 1)?
-16
What is the value of 76 + -90 + -16 + 52?
22
(10 - ((-6 - -67) + 42)) + -26
-119
Evaluate -5 + -3 - -68 - (14 - (-14 + 16)).
48
Evaluate 112 - (-17 - (-1 + 7 + (342 - 362))).
115
Evaluate 79 + (61 - 204 - -166).
102
What is 484 + -640 + 154 + 0 + 60 + 2?
60
What is -25 + (100 - 109) + 2 + (-2 - 6)?
-40
What is the value of -13 + 15 + -27 + 21 - (1 - 19)?
14
2 + (-20 - (24 + -51)) - -17
26
Calculate (1 - (0 - -6)) + 2 - (-95 + 46).
46
9 + -50 - (-803 + 784)
-22
Calculate -42 - (26 + -42 + 17 - 9).
-34
What is (1 - -32) + -1880 + 1800 - 88?
-135
38 - (-9 + 4 - -6) - (-25 + (21 - -4))
37
-15 + 13 + (-1 - -12) + -36 + 5 + -13
-35
Evaluate -34 - (-23 - 105 - -102).
-8
What is 29 + -35 + 12 + -12 + -56?
-62
What is -3533 + 3423 + 1 + 83?
-26
Calculate -